. Let a be r(-5). Let f = 665 + -581. What is the greatest common factor of f and a?
28
Let h be (-148)/(-6) - (-30)/(-45). Let c be (0 - -2) + (4 - 186). Let s be ((-2)/3)/(2/c). What is the highest common factor of h and s?
12
Let b be -2*2/4 + 7. Let p = 83 - 80. Calculate the highest common factor of p and b.
3
Let q be 2 - (-1)/2*4. Suppose -28 = 3*m - 4*m + 4*b, -5*m + q*b + 92 = 0. What is the highest common divisor of m and 16?
16
Let i = -258 + 278. What is the highest common factor of i and 12?
4
Suppose 0 = -w + 3. Suppose 0 = 4*r - w*r - 18. Suppose r = 2*u - 0. Calculate the greatest common factor of u and 45.
9
Suppose -2*m = 17 - 5. Let l be (-2 - m)/((-2)/(-3)). Suppose 3*k - 12 = l. Calculate the greatest common divisor of 12 and k.
6
Suppose -4*q - f = -9*q + 2636, -q - 3*f + 524 = 0. Calculate the greatest common factor of 34 and q.
17
Suppose 8 = -c - 5*z - 6, -3*z - 6 = 3*c. Suppose -c = v + 5. Let b be (-68)/v + 10/15. Calculate the greatest common factor of b and 12.
12
Let j be (-8)/5 + 8374/265. Calculate the greatest common divisor of 70 and j.
10
Let o be 238/(-63) + (-4)/18. Let g be (-140)/(-25) + o - (-6)/15. What is the highest common divisor of 3 and g?
1
Let i be (4 - (-8)/(-1)) + 2. Let d be (-1 - i)*(8 - 8). Suppose d = 5*b - 0*b - 155. What is the greatest common divisor of b and 93?
31
Let q be 7*(-10)/(-5) + 0 + 0. Let a = 169 - 85. Let u be a/9*(-6)/(-4). What is the greatest common divisor of q and u?
14
Suppose 1170 = -9*k + 4446. Calculate the greatest common divisor of 52 and k.
52
Suppose -46*d + 9855 + 3393 = 0. Calculate the greatest common divisor of d and 216.
72
Suppose -5*d - 29 = 56. Let w = d + 20. Suppose 4*o - w*c + c = 286, -359 = -5*o + 3*c. What is the highest common factor of o and 175?
35
Let s(w) = -12*w - 2. Let r be s(-3). Suppose -6*v - 134 - r = 0. Let y be (-7)/v + (-7)/(-4). What is the highest common divisor of 10 and y?
2
Let m = 254 - 209. Let d = -150 - -285. What is the greatest common divisor of m and d?
45
Let x be 1 - -1 - (7 - 5). Suppose -h + 3 + 10 = x. What is the highest common factor of 52 and h?
13
Let c(o) = -o**3 + o**2 + o + 144. Let q be c(0). Suppose 2*r + 34 = -3*f, 51 + 34 = -3*r + 4*f. Let y = r - -39. What is the highest common factor of y and q?
16
Suppose -5*a - 239 = -4*q, 22 = 5*q - 5*a - 273. Calculate the greatest common factor of 420 and q.
28
Suppose -12*j + 3153 = -12207. Calculate the greatest common factor of j and 384.
128
Suppose 2*k - 84 - 202 = 0. Let f = -22 - -4. Let w be -39*12/8*4/f. Calculate the highest common factor of w and k.
13
Let q = -90 + 92. Let y be 15/5*-4*(-1)/q. What is the highest common factor of y and 9?
3
Let g(o) be the second derivative of -o**4/12 - 11*o**3/3 - 41*o**2/2 - 3*o. Let n be g(-17). What is the greatest common divisor of 11 and n?
11
Suppose -5*i + i = 96. Let j = i + 5. Let w = -7 - j. Calculate the highest common divisor of 72 and w.
12
Suppose 2*h - 26 = -6*s + 4*s, 4*h - 2*s = 76. Calculate the highest common factor of 510 and h.
17
Let m = -19 + 31. Suppose 111 = 4*z - 5*f, -7*f = -3*f + m. Let c be (6/5)/((-21)/(-140)). What is the highest common factor of z and c?
8
Let g = 54 - 47. Suppose 75 - 26 = g*r. Calculate the highest common factor of 21 and r.
7
Let l be 2/(-7) - (1218/49)/(-3). Suppose -l*s - 408 = -12*s. What is the greatest common divisor of s and 34?
34
Suppose 4*r + 5*r - 918 = 0. Calculate the greatest common factor of 6 and r.
6
Let u(h) = 2*h**2 + 4*h - 3. Let o be u(2). Let r(x) = -x**3 + 16*x**2 - 19*x + 20. Let s be r(o). What is the highest common divisor of s and 40?
40
Let a(k) = -k**3 + 11*k**2 - 13*k + 15. Let u be a(10). Let i(y) = -y**3 - 15*y**2 - 5*y - 33. Let r be i(u). What is the greatest common divisor of r and 28?
14
Suppose -4*r = -20 + 80. Let p be (-1 + 29)/((-6)/r). What is the highest common divisor of p and 28?
14
Let n = 928 - 652. What is the highest common factor of n and 460?
92
Suppose 4*b = 3*o + 16, 2*b - o + 0*o = 10. Suppose 2*k - f + 4*f = -113, -4*k - 4*f = 232. Let d = 96 + k. Calculate the greatest common factor of b and d.
7
Let f(d) = -d**3 - 16*d**2 + 13*d - 27. Let s be f(-17). Calculate the highest common divisor of 205 and s.
41
Suppose -2*o = 4*b - 174, -7*b = -o - 3*b + 105. Let t = -81 + o. Calculate the greatest common divisor of 228 and t.
12
Suppose 5*a + 0*a = 665. Suppose -2*b - 6 = 0, b = -y + 58 - 17. Let v = y - 25. Calculate the highest common divisor of v and a.
19
Let p = -48 - 127. Let h = p + 406. Calculate the greatest common factor of 21 and h.
21
Suppose 0 = -544*a + 550*a - 468. What is the greatest common factor of a and 26?
26
Let v = -164 + 329. Suppose 65 = -h + v. What is the highest common divisor of 25 and h?
25
Suppose -2*t - 201 = -3*u - 51, 4*u - 4*t - 200 = 0. Suppose -15*h + 20*h - 5*d = 385, -2*d - 4 = 0. What is the highest common factor of u and h?
25
Let q = -154 + 55. Let r = -57 - 12. Let d = r - q. Calculate the greatest common divisor of d and 75.
15
Let u(k) = k**2 + 53*k + 595. Let z be u(-15). Suppose -2*c + 538 = 4*l + 144, 0 = -l + 3*c + 109. What is the highest common factor of l and z?
25
Let f(m) = 14*m + 49. Let r(z) = 7*z + 25. Let w(t) = -6*f(t) + 13*r(t). Let y be w(-4). Calculate the greatest common factor of 48 and y.
3
Suppose 0 = n - 1, 3*d - n + 207 = 1259. Let w be (-3 + 1)/((-54)/d). What is the highest common divisor of w and 39?
13
Let u(m) = m**3 + 7*m**2 + 5*m + 3. Let g be u(-6). Suppose 0 = 235*r - 21*r - 1284. Calculate the greatest common factor of g and r.
3
Suppose 160 = -5*d + 9*d. Suppose 0 = 4*m - m + 3, 3*y = 3*m + 3. Suppose d = i - y*i. Calculate the highest common factor of 8 and i.
8
Suppose 0*l - 4*t = -4*l + 1784, 0 = 3*t - 6. Calculate the highest common factor of l and 64.
64
Let t(l) = 50*l**2 - 236*l + 5. Let y be t(5). What is the highest common factor of 195 and y?
15
Let v be 99*(3 + -4)/(-1). Let w = v - -8. Suppose -17 = 3*r - w. Calculate the highest common divisor of 15 and r.
15
Let k(z) = 17*z - 602. Let g be k(36). Let f(x) = x**2 + 4*x - 2. Let q be f(4). What is the greatest common divisor of g and q?
10
Let y = -15 + 17. Suppose -y*s + 4*x + 29 = -x, 4*s = -2*x + 46. What is the greatest common divisor of 8 and s?
4
Let y(l) = l + 15. Let q be y(-8). Suppose 4*z = 139 + 1. What is the greatest common divisor of z and q?
7
Suppose 2*d = -0*d - 24. Let o = -7 - d. Suppose w - 2*a - 2*a = 24, o*w - 4*a - 88 = 0. What is the highest common divisor of w and 112?
16
Let b(u) = -u + 232. Let q be b(0). Let i = 45 + -43. Suppose -3*d + i*d + 29 = y, -4*y - 3*d = -116. What is the highest common divisor of q and y?
29
Let t be (-2 - 195/(-10))/((-2)/(-48)). Suppose t = 17*z - 7*z. Suppose -165 - 150 = -3*i. Calculate the highest common factor of i and z.
21
Suppose o + 2*a - 4 - 4 = 0, 5*a - 20 = -4*o. Suppose 6*k - k = o. Suppose -3*w + 126 = -k*w. Calculate the greatest common divisor of 6 and w.
6
Suppose 0 = -4*w + w + 15, -4*j + w = -831. What is the highest common factor of j and 22?
11
Let w be 1*26*(-99)/(-22). Suppose 227 = 3*k + 4*n, -n + w = 4*k - 190. Calculate the greatest common divisor of 11 and k.
11
Let l(s) = s**3 - 11*s**2 - 48*s - 27. Let k be l(15). Calculate the highest common factor of 18 and k.
9
Suppose -5*j + 66 + 24 = 0. Suppose -4*u + 18 = -2*q + 326, -3*u = -q + 159. What is the highest common factor of q and j?
18
Suppose -2*w - 14 = -3*x - 0*x, -15 = 3*w - 3*x. Let a = w - -13. What is the greatest common divisor of a and 4?
4
Let q(g) = -27*g**2 - 3*g + 2. Let m be q(1). Let i = m + 30. What is the highest common divisor of 5 and i?
1
Suppose -4*x + 16 = 4. Suppose 2*d + x*j - 372 = -0*d, 3*j - 939 = -5*d. Let f = 5269 + -5248. Calculate the greatest common divisor of d and f.
21
Suppose -k + 23 = -5*w, -2*w - 2 = -4*w. Suppose 2*q - 2 = k. What is the greatest common factor of 60 and q?
15
Let d be 1*((-130)/(-12) - 3/(-18)). What is the greatest common divisor of 77 and d?
11
Let m be 51*7/((-63)/(-6)). Let f = 20 + -18. Suppose -190 = -f*j - 5*d + d, -5*j + 3*d + 410 = 0. Calculate the greatest common divisor of m and j.
17
Let s(r) = -r**2 + 3*r + 2. Let j be s(2). Suppose 3*l - 21 = -j*l. Calculate the highest c